{"id":22,"date":"2024-12-07T14:04:44","date_gmt":"2024-12-07T14:04:44","guid":{"rendered":"https:\/\/www.lumiexpo.com\/?page_id=22"},"modified":"2024-12-07T14:14:29","modified_gmt":"2024-12-07T14:14:29","slug":"contatti","status":"publish","type":"page","link":"https:\/\/www.lumiexpo.com\/?page_id=22","title":{"rendered":"Contatti"},"content":{"rendered":"\n<h2 class=\"wp-block-heading has-large-font-size\"><strong>Esponi, ottieni contatti e cogli nuove opportunit\u00e0<\/strong><\/h2>\n\n\n\n<p>Scarica la presentazione di LUMI Expo<\/p>\n\n\n\n<p>Il nostro staff \u00e8 a disposizione per definire la modalit\u00e0 di partecipazione pi\u00f9 efficace per la tua azienda.<\/p>\n\n\n\n<p>Email\u00a0<strong>info@lumiexpo.com<\/strong><\/p>\n\n\n\n<p>Telefono\u00a0<strong>+39 02 45947830<\/strong><\/p>\n\n\n\n<p><\/p>\n","protected":false},"excerpt":{"rendered":"<p>Esponi, ottieni contatti e cogli nuove opportunit\u00e0 Scarica la presentazione di LUMI Expo Il nostro staff \u00e8 a disposizione per definire la modalit\u00e0 di partecipazione pi\u00f9 efficace per la tua azienda. Email\u00a0info@lumiexpo.com Telefono\u00a0+39 02 45947830<\/p>\n","protected":false},"author":1,"featured_media":0,"parent":0,"menu_order":4,"comment_status":"closed","ping_status":"closed","template":"","meta":{"footnotes":""},"class_list":["post-22","page","type-page","status-publish","hentry"],"_links":{"self":[{"href":"https:\/\/www.lumiexpo.com\/index.php?rest_route=\/wp\/v2\/pages\/22","targetHints":{"allow":["GET"]}}],"collection":[{"href":"https:\/\/www.lumiexpo.com\/index.php?rest_route=\/wp\/v2\/pages"}],"about":[{"href":"https:\/\/www.lumiexpo.com\/index.php?rest_route=\/wp\/v2\/types\/page"}],"author":[{"embeddable":true,"href":"https:\/\/www.lumiexpo.com\/index.php?rest_route=\/wp\/v2\/users\/1"}],"replies":[{"embeddable":true,"href":"https:\/\/www.lumiexpo.com\/index.php?rest_route=%2Fwp%2Fv2%2Fcomments&post=22"}],"version-history":[{"count":1,"href":"https:\/\/www.lumiexpo.com\/index.php?rest_route=\/wp\/v2\/pages\/22\/revisions"}],"predecessor-version":[{"id":24,"href":"https:\/\/www.lumiexpo.com\/index.php?rest_route=\/wp\/v2\/pages\/22\/revisions\/24"}],"wp:attachment":[{"href":"https:\/\/www.lumiexpo.com\/index.php?rest_route=%2Fwp%2Fv2%2Fmedia&parent=22"}],"curies":[{"name":"wp","href":"https:\/\/api.w.org\/{rel}","templated":true}]}}